 is q(2)?
25
Let l(m) = -m**3 + 38*m**2 + 169*m - 41. Determine l(42).
1
Let p(s) = -8*s**2 - 50*s - 13. Calculate p(-6).
-1
Let l(i) = i**3 + 9*i**2 - 4*i + 25. Determine l(-10).
-35
Let s(u) = 7*u + 7. Give s(-7).
-42
Let n(k) = -37*k + 32. Calculate n(3).
-79
Let r(n) = -n + 21. Calculate r(5).
16
Let p(y) = 5*y**3 + y**2 - y - 1. What is p(-1)?
-4
Let c(o) = -o**2 + 3*o. Determine c(3).
0
Let d(n) = -n**2 + 7*n + 13. Determine d(9).
-5
Let a(q) = -q**3 + 8*q**2 + 21*q - 99. Determine a(9).
9
Let k(f) = -f**2 + 18*f - 35. Determine k(16).
-3
Let p(x) = 3*x - 5. Determine p(9).
22
Let y(o) = -2*o + 1. Determine y(3).
-5
Let k(y) = y**2 + 6*y + 62. Determine k(-10).
102
Let s(x) = 2*x**3 + 4*x**2 - 11*x - 2. Determine s(-4).
-22
Let g(s) = s**2 - 4. Calculate g(2).
0
Let x(k) = k**3 - 3*k**2 - 15*k + 38. Give x(3).
-7
Let b(y) = y**2 + 9*y - 46. What is b(4)?
6
Let i(m) = m**2 - 4*m + 12. Determine i(4).
12
Let z(i) = -9*i - 160. Calculate z(-15).
-25
Let s(m) = m**2 + 25*m + 11. Determine s(-25).
11
Let x(n) = n**2 - 5*n - 2. Determine x(4).
-6
Let p(q) = -15*q**2 + q. Determine p(1).
-14
Let x(t) = t**2 - 2*t + 4. What is x(-7)?
67
Let z(s) = -s**2 + 6*s - 12. Give z(4).
-4
Let l(h) = -3*h + 5. Give l(-6).
23
Let z(p) = -p**3 + 9*p**2 - p - 9. Give z(8).
47
Let p(l) = l**2 + 9*l + 17. Calculate p(-6).
-1
Let y(q) = -q**2 - 3*q + 72. What is y(-10)?
2
Let i(a) = -a**3 + 15*a**2 - a + 20. Give i(15).
5
Let t(u) = u**2 - 17*u + 44. What is t(13)?
-8
Let n(l) = -5*l - 8. Give n(7).
-43
Let t(a) = -3*a + 24. What is t(9)?
-3
Let z(g) = g**3 + 8*g**2 + 9*g + 12. What is z(-7)?
-2
Let z(t) = 2*t - 23. Give z(-4).
-31
Let p(b) = 18*b - 12. Calculate p(3).
42
Let d(z) = -z**2 + 14*z + 18. Determine d(-9).
-189
Let u(l) = -l**2 + 13*l - 8. Give u(13).
-8
Let o(k) = -2*k**3 + 6*k**2 + 16*k - 12. Calculate o(4).
20
Let j(f) = -19*f**3 + 2*f**2 - 5*f + 2. Calculate j(1).
-20
Let k(s) = s**2 + 7*s - 17. What is k(0)?
-17
Let n(u) = 4*u - 5. Calculate n(0).
-5
Let p(x) = x**3 - 9*x**2 + 12*x + 5. Give p(6).
-31
Let l(k) = 16*k + 22. Give l(-8).
-106
Let f(d) = 4*d + 8. Give f(-10).
-32
Let f(s) = s + 4. Determine f(7).
11
Let i(q) = -q**3 - 5*q**2 + 6*q - 7. Calculate i(-6).
-7
Let v(q) = -6*q**3 - 5*q**2 - 2*q + 4. What is v(-1)?
7
Let g(t) = t**2 + 6*t + 3. Determine g(-5).
-2
Let m(i) = -2*i**2 - 43*i - 25. What is m(-21)?
-4
Let f(q) = 4*q - 25. Calculate f(10).
15
Let m(o) = o**3 - 3*o**2 - 2*o + 2. Give m(2).
-6
Let r(i) = -28*i**3 + 1. Give r(-1).
29
Let j(r) = -r**2 + 40*r - 40. Determine j(39).
-1
Let s(z) = -z**2 - 5*z + 15. What is s(-7)?
1
Let m(s) = -6*s + 25. Give m(8).
-23
Let n(y) = -y**3 + 12*y**2 - 11*y - 6. Calculate n(11).
-6
Let g(p) = 9*p**3 - p**2. Calculate g(1).
8
Let a(m) = 6*m - 13. Give a(9).
41
Let z(f) = -2*f + 19. Give z(-8).
35
Let k(w) = 2*w**3 - 4*w**2 - w + 3. What is k(3)?
18
Let c(f) = 3*f**2 - 9*f - 30. Determine c(-3).
24
Let n(o) = 2*o**2 + 30*o - 20. Determine n(-17).
48
Let q(i) = 3*i**2 - 2*i + 4. What is q(3)?
25
Let i(s) = s**2 + 21*s - 19. What is i(-22)?
3
Let s(y) = y**2 + 10*y. Determine s(-5).
-25
Let i(x) = x**3 - 7*x**2 + 12*x - 10. Calculate i(5).
0
Let r(v) = 8*v + 166. Give r(-21).
-2
Let g(b) = 11*b - 23. What is g(2)?
-1
Let q(f) = -f**2 + 13*f - 9. Determine q(11).
13
Let z(a) = -a**3 - 2*a**2 + 4*a + 5. Give z(-3).
2
Let h(t) = -t + 35. Determine h(31).
4
Let k(p) = p**3 - 18*p**2 + 18*p. Give k(17).
17
Let a(x) = 5*x + 7. Calculate a(-8).
-33
Let w(d) = d + 30. Give w(-12).
18
Let d(x) = x**3 + 7*x**2 + 6*x. Determine d(-6).
0
Let o(f) = -f**2 + 12*f + 13. Determine o(11).
24
Let s(z) = 24*z + 1. Determine s(1).
25
Let p(u) = -14*u + 45. Give p(10).
-95
Let v(y) = 21*y + 109. Give v(-6).
-17
Let g(c) = -c**2 - 9*c - 39. Calculate g(-14).
-109
Let d(i) = -i**3 - 55*i**2 + 113*i - 53. What is d(-57)?
4
Let w(k) = -5*k**3 - 97*k**2 - 39*k - 24. Calculate w(-19).
-5
Let u(q) = 2*q**2 + 14*q - 27. Determine u(-11).
61
Let i(d) = d - 1. Determine i(0).
-1
Let i(w) = -w**3 - 6*w**2 + 2*w + 4. What is i(-3)?
-29
Let k(z) = z**2 - 12*z + 24. Calculate k(6).
-12
Let x(c) = -c**2 - 15*c + 19. Calculate x(-13).
45
Let u(x) = x**3 - 7*x**2 + 2*x + 2. Calculate u(5).
-38
Let n(o) = o**3 - 27*o**2 + 128*o - 41. Calculate n(21).
1
Let k(q) = -9*q - 60. Determine k(-8).
12
Let g(k) = -k**2 - 13*k + 50. Give g(7).
-90
Let l(o) = 2*o**2 - 46*o + 39. Determine l(20).
-81
Let g(u) = 3*u**3 - 9*u**2 - 3*u + 5. Determine g(5).
140
Let z(t) = -t - 19. Calculate z(-13).
-6
Let z(t) = t**3 + 10*t**2 - 15*t + 9. Determine z(-11).
53
Let g(d) = -d**3 - 6*d**2 - d + 7. Determine g(-6).
13
Let c(p) = p**3 - 4*p**2 + 4*p + 2. Calculate c(4).
18
Let p(z) = z**3 + 15*z**2 - 3*z + 2. Calculate p(-15).
47
Let z(j) = -5*j**2 + 4*j - 3. What is z(1)?
-4
Let f(s) = -17*s + 324. Determine f(22).
-50
Let a(d) = -d**2 + 10*d + 10. Give a(11).
-1
Let s(r) = 5*r + 13. Determine s(-4).
-7
Let j(i) = i + 3. Calculate j(-4).
-1
Let z(g) = -g**3 - 15*g**2 - 12*g - 30. What is z(-14)?
-58
Let u(r) = -13*r + 172. What is u(13)?
3
Let j(n) = -n**3 - 4*n**2 - 12*n - 51. Give j(-4).
-3
Let d(g) = -g + 4. Calculate d(-20).
24
Let m(n) = -5*n + 6. Determine m(2).
-4
Let b(h) = h**2 - 18*h - 95. What is b(-4)?
-7
Let v(p) = -p**3 - p**2 + 6*p - 2. What is v(2)?
-2
Let j(h) = h**2 + 5*h - 5. Calculate j(-7).
9
Let y(p) = p**3 + 8*p**2 + 13*p + 3. Calculate y(-6).
-3
Let h(k) = -4*k**2 - 5*k + 9. Calculate h(5).
-116
Let d(t) = -12*t - 97. What is d(-8)?
-1
Let s(l) = -l**2 + 28*l + 201. What is s(34)?
-3
Let o(b) = b**2 - 5*b + 8. What is o(8)?
32
Let k(q) = -96*q**3 - 3*q**2 - 2*q. Calculate k(-1).
95
Let g(o) = -2*o**2 - 4*o + 3. Give g(-5).
-27
Let q(j) = -j**3 - 5*j**2 - 9*j - 16. What is q(-4)?
4
Let l(w) = 2*w - 14. Give l(-6).
-26
Let o(t) = t**3 - 6*t**2 + 4*t + 2. What is o(3)?
-13
Let g(y) = y**2 + 2*y - 43. Determine g(7).
20
Let r(k) = -k**3 + 9*k**2 - 16*k - 2. What is r(3)?
4
Let t(l) = -188*l - 3. What is t(-1)?
185
Let u(x) = x**3 + 10*x**2 - 11*x + 9. Calculate u(-11).
9
Let d(c) = -c**3 - 5*c**2 + 2*c + 4. What is d(-4)?
-20
Let v(l) = -5*l - 4. Give v(4).
-24
Let g(p) = 18*p - 51. Determine g(0).
-51
Let u(j) = -j + 22. Give u(26).
-4
Let a(j) = -j**3 + 6*j**2 + 5*j + 23. Give a(7).
9
Let t(m) = m**2 + 12*m + 56. Give t(-9).
29
Let y(i) = i**3 - 4*i**2 - 45*i - 1. Calculate y(9).
-1
Let b(h) = -h**3 + 4*h**2 + h - 7. Give b(4).
-3
Let m(z) = -13*z**2 + 184*z - 34. Give m(14).
-6
Let y(c) = 21*c**2 - c + 2. Determine y(1).
22
Let t(i) = 2*i - 6. Give t(1).
-4
Let q(x) = 13*x**2 - 3*x + 6. Determine q(2).
52
Let g(h) = -6*h**3 - h**2 + h + 1. Calculate g(1).
-5
Let u(b) = b**3 - 8*b**2 + 17*b + 1. What is u(6)?
31
Let l(z) = z**3 + 2*z**2 - 2*z + 24. Give l(0).
24
Let h(u) = -u**3 + 13*u**2 - 13*u + 13. What is h(12)?
1
Let s(j) = -j**3 + j**2 + 14*j + 4. What is s(-3)?
-2
Let r(y) = -y + 1. Give r(-5).
6
Let b(n) = -n + 7. Calculate b(5).
2
Let i(t) = t**3 + 10*t**2 + 21*t. What is i(-9)?
-108
Let h(v) = 5*v + 3. Determine h(2).
13
Let q(i) = 10*i**3 - i**2 - 2*i - 2. Calculate q(-1).
-11
Let k(u) = -23*u - 571. What is k(-25)?
4
Let h(c) = 3*c**2 + 15*c + 3. Determine h(-5).
3
Let b(h) = h**2 + 7*h - 2. Determine b(-7).
-2
Let z(d) = -3*d - 1. Calculate z(7).
-22
Let q(l) = -5*l**3 + l**2 + 3*l + 2. Calculate q(-2).
40
Let z(b) = -b**2 - 11*b - 2. What is z(-7)?
26
Let x(d) = 53*d - 1. Determine x(1).
52
Let p(t) = -3*t**2 + 12. Give p(-2).
0
Let p(x) = x**3 + 7*x**2 + 7*x + 7. Calculate p(-6).
1
Let r(u) = 2*u**3 - 9*u**2 - 5*u - 3. Calculate r(5).
-3
Let m(h) = 2*h**3 - 3*h**2 - 3*h - 2. Calculate m(-2).
-24
Let m(x) = -80*x - 86. Determine m(-1).
-6
Let p(g) = -g**3 - 2*g**2 + 3*g + 9. What is p(-5)?
69
Let z(h) = 4*h - 58. Give z(15).
2
Let g(z) = 2*z + 10. Calculate g(-5).
0
Let b(a) = -a**3 + a**2 - a - 8. What is b(0)?
-8
Let b(v) = v - 3. Give b(-8).
-11
Let f(p) = 226*p + 5. Calculate f(0).
5
Let a(o) = 22*o**2 - 4*o - 3. Calculate a(-1).
23
Let o(z) = z**2 - 14*z + 5. Determine o(10).
-35
Let t(n) = 6*n + 19. Calculate t(-7).
-23
Let i(j) = -j**3 + 6*j**2 + 14*j - 80. What is i(5)?
15
Let i(t) = t**2 - 4*t + 1. Determine i(4).
1
Let y(b) = b**2 + 4*b - 10. Determine y(-7).
11
Let g(a) = -2*a**2 + 16*a + 13. What is g(